hat is the remainder when 71401 is divided by 17585?
1061
What is the remainder when 871582 is divided by 96841?
13
Calculate the remainder when 8495641 is divided by 2831849.
94
Calculate the remainder when 92409 is divided by 1597.
1380
What is the remainder when 1172866 is divided by 293216?
2
Calculate the remainder when 1305730 is divided by 156.
10
Calculate the remainder when 71562 is divided by 7261.
6213
What is the remainder when 6144654 is divided by 170682?
102
Calculate the remainder when 6114502 is divided by 1235.
17
Calculate the remainder when 93485 is divided by 9238.
1105
Calculate the remainder when 11657833 is divided by 271112.
17
What is the remainder when 295504 is divided by 5?
4
What is the remainder when 3067365 is divided by 757?
1
Calculate the remainder when 2376167 is divided by 2614.
41
Calculate the remainder when 195115 is divided by 1155.
1075
Calculate the remainder when 1407549 is divided by 1407526.
23
What is the remainder when 1627542 is divided by 74?
60
What is the remainder when 7026391 is divided by 3513193?
5
Calculate the remainder when 821513 is divided by 2758.
2387
Calculate the remainder when 106232584 is divided by 29065.
9
What is the remainder when 287149 is divided by 1252?
441
What is the remainder when 1641594 is divided by 234490?
164
What is the remainder when 123676827 is divided by 82?
81
Calculate the remainder when 223947 is divided by 14873.
852
Calculate the remainder when 32266049 is divided by 91.
88
Calculate the remainder when 41448394 is divided by 655.
649
What is the remainder when 3674812 is divided by 918680?
92
Calculate the remainder when 13604043 is divided by 433.
49
Calculate the remainder when 3006901 is divided by 5978.
5945
Calculate the remainder when 93524 is divided by 88039.
5485
What is the remainder when 99422 is divided by 1732?
698
What is the remainder when 59139 is divided by 544?
387
What is the remainder when 52413 is divided by 13076?
109
What is the remainder when 1565549 is divided by 5324?
293
Calculate the remainder when 106697 is divided by 1253.
192
What is the remainder when 635456 is divided by 210?
206
What is the remainder when 1850135 is divided by 5969?
5714
Calculate the remainder when 232749 is divided by 116202.
345
Calculate the remainder when 473537 is divided by 14349.
20
What is the remainder when 4229782 is divided by 1566?
16
Calculate the remainder when 29129326 is divided by 170.
166
Calculate the remainder when 55617991 is divided by 167.
144
What is the remainder when 3494565 is divided by 2959?
2945
Calculate the remainder when 21722233 is divided by 38583.
4
Calculate the remainder when 2297248 is divided by 58903.
31
Calculate the remainder when 335720 is divided by 2621.
232
What is the remainder when 92960 is divided by 3867?
152
What is the remainder when 11641577 is divided by 37?
8
Calculate the remainder when 12253018 is divided by 11.
8
Calculate the remainder when 1116684 is divided by 38506.
10
Calculate the remainder when 19517 is divided by 1944.
77
What is the remainder when 3689090 is divided by 289?
5
Calculate the remainder when 485723 is divided by 48571.
13
What is the remainder when 314024 is divided by 4403?
1411
What is the remainder when 7546675 is divided by 151?
148
Calculate the remainder when 2161006 is divided by 532.
22
Calculate the remainder when 1129847 is divided by 43.
22
Calculate the remainder when 865863610 is divided by 19.
18
What is the remainder when 3190757 is divided by 2199?
8
What is the remainder when 8058569 is divided by 65?
64
What is the remainder when 43823140 is divided by 6260445?
25
Calculate the remainder when 1058177547 is divided by 1573.
1571
What is the remainder when 5811995 is divided by 1452860?
555
What is the remainder when 1528247 is divided by 169752?
479
Calculate the remainder when 79984 is divided by 2958.
118
Calculate the remainder when 1234318 is divided by 385.
8
Calculate the remainder when 35851 is divided by 35751.
100
What is the remainder when 419263 is divided by 2166?
1225
Calculate the remainder when 1437639 is divided by 159735.
24
What is the remainder when 52903 is divided by 5285?
53
Calculate the remainder when 1147488 is divided by 1213.
1203
What is the remainder when 51481104 is divided by 59447?
2
Calculate the remainder when 220204 is divided by 2936.
4
What is the remainder when 38660 is divided by 1053?
752
Calculate the remainder when 13684912 is divided by 831.
4
Calculate the remainder when 146849153 is divided by 20.
13
What is the remainder when 28782 is divided by 1903?
237
Calculate the remainder when 42468 is divided by 6061.
41
Calculate the remainder when 2127 is divided by 264.
15
What is the remainder when 15238506 is divided by 7619229?
48
Calculate the remainder when 4621383 is divided by 355.
348
Calculate the remainder when 14970 is divided by 6810.
1350
Calculate the remainder when 3308627 is divided by 113.
100
What is the remainder when 51287799 is divided by 48?
39
Calculate the remainder when 150910 is divided by 5794.
266
What is the remainder when 32385934 is divided by 4321?
39
What is the remainder when 394490 is divided by 1069?
29
Calculate the remainder when 1609213 is divided by 2123.
2102
What is the remainder when 1202025 is divided by 5?
0
Calculate the remainder when 18150548 is divided by 229.
8
What is the remainder when 909960 is divided by 334?
144
Calculate the remainder when 1355956 is divided by 6220.
6216
What is the remainder when 321452 is divided by 321097?
355
What is the remainder when 49426 is divided by 24649?
128
Calculate the remainder when 3336512 is divided by 104257.
288
Calculate the remainder when 457484 is divided by 2827.
2337
What is the remainder when 8508 is divided by 834?
168
What is the remainder when 874040 is divided by 59?
14
Calculate the remainder when 18807 is divided by 350.
257
What is the remainder when 471056 is divided by 18115?
66
Calculate the remainder when 217411331 is divided by 4.
3
What is the remainder when 61601969 is divided by 30800976?
17
What is the remainder when 35136284 is divided by 4673?
4670
What is the remainder when 5536349 is divided by 5536338?
11
Calculate the remainder when 2101817 is divided by 2464.
25
What is the remainder when 749227727 is divided by 14?
3
What is the remainder when 29220 is divided by 2649?
81
Calculate the remainder when 388449 is divided by 125773.
11130
Calculate the remainder when 337130 is divided by 1046.
318
What is the remainder when 22344660 is divided by 262?
252
Calculate the remainder when 1113820 is divided by 241.
159
What is the remainder when 2611800 is divided by 90062?
2
Calculate the remainder when 108103810 is divided by 300.
10
Calculate the remainder when 3362259 is divided by 2039.
1987
What is the remainder when 21294337 is divided by 338?
337
What is the remainder when 390196443 is divided by 188?
187
What is the remainder when 231869120 is divided by 18?
14
Calculate the remainder when 346068 is divided by 115322.
102
Calculate the remainder when 738386 is divided by 844.
730
What is the remainder when 781329 is divided by 4293?
3
Calculate the remainder when 222213469 is divided by 20.
9
Calculate the remainder when 1100446 is divided by 36.
34
What is the remainder when 129850592 is divided by 709566?
14
Calculate the remainder when 354276214 is divided by 118092068.
10
What is the remainder when 8830 is divided by 8081?
749
Calculate the remainder when 176040 is divided by 5501.
8
What is the remainder when 6600223 is divided by 41?
2
What is the remainder when 264355 is divided by 2308?
1243
Calculate the remainder when 131908 is divided by 18820.
168
Calculate the remainder when 73735 is divided by 15967.
9867
What is the remainder when 18971 is divided by 1913?
1754
Calculate the remainder when 341022 is divided by 113586.
264
Calculate the remainder when 457652 is divided by 32684.
76
Calculate the remainder when 67885 is divided by 9065.
4430
Calculate the remainder when 342223 is divided by 707.
35
What is the remainder when 130160438 is divided by 2980?
2978
What is the remainder when 58771026 is divided by 8591?
8586
What is the remainder when 16770 is divided by 2382?
96
Ca